[INFO] cloning repository https://github.com/coeuvre/pacman-rs
[INFO] running `Command { std: "git" "-c" "credential.helper=" "-c" "credential.helper=/workspace/cargo-home/bin/git-credential-null" "clone" "--bare" "https://github.com/coeuvre/pacman-rs" "/workspace/cache/git-repos/https%3A%2F%2Fgithub.com%2Fcoeuvre%2Fpacman-rs", kill_on_drop: false }`
[INFO] [stderr] Cloning into bare repository '/workspace/cache/git-repos/https%3A%2F%2Fgithub.com%2Fcoeuvre%2Fpacman-rs'...
[INFO] running `Command { std: "git" "rev-parse" "HEAD", kill_on_drop: false }`
[INFO] [stdout] 9e3b57c7acb6d2830d32413082be29e4a72466c0
[INFO] checking coeuvre/pacman-rs against master#af3c6e733a40e671550e0f0f5aeecaa13772ba56 for pr-74989
[INFO] running `Command { std: "git" "clone" "/workspace/cache/git-repos/https%3A%2F%2Fgithub.com%2Fcoeuvre%2Fpacman-rs" "/workspace/builds/worker-2/source", kill_on_drop: false }`
[INFO] [stderr] Cloning into '/workspace/builds/worker-2/source'...
[INFO] [stderr] done.
[INFO] validating manifest of git repo https://github.com/coeuvre/pacman-rs on toolchain af3c6e733a40e671550e0f0f5aeecaa13772ba56
[INFO] running `Command { std: "/workspace/cargo-home/bin/cargo" "+af3c6e733a40e671550e0f0f5aeecaa13772ba56" "read-manifest" "--manifest-path" "Cargo.toml", kill_on_drop: false }`
[INFO] started tweaking git repo https://github.com/coeuvre/pacman-rs
[INFO] removed workspace from git repo https://github.com/coeuvre/pacman-rs
[INFO] removed path dependency bridge from git repo https://github.com/coeuvre/pacman-rs
[INFO] removed path dependency gl from git repo https://github.com/coeuvre/pacman-rs
[INFO] removed path dependency stb from git repo https://github.com/coeuvre/pacman-rs
[INFO] finished tweaking git repo https://github.com/coeuvre/pacman-rs
[INFO] tweaked toml for git repo https://github.com/coeuvre/pacman-rs written to /workspace/builds/worker-2/source/Cargo.toml
[INFO] crate git repo https://github.com/coeuvre/pacman-rs already has a lockfile, it will not be regenerated
[INFO] running `Command { std: "/workspace/cargo-home/bin/cargo" "+af3c6e733a40e671550e0f0f5aeecaa13772ba56" "fetch" "--locked" "--manifest-path" "Cargo.toml", kill_on_drop: false }`
[INFO] [stderr] warning: dependency (bridge) specified without providing a local path, Git repository, or version to use. This will be considered an error in future versions
[INFO] [stderr] warning: dependency (gl) specified without providing a local path, Git repository, or version to use. This will be considered an error in future versions
[INFO] [stderr] warning: dependency (stb) specified without providing a local path, Git repository, or version to use. This will be considered an error in future versions
[INFO] [stderr]     Blocking waiting for file lock on package cache
[INFO] [stderr]     Updating crates.io index
[INFO] [stderr] error: the lock file /workspace/builds/worker-2/source/Cargo.lock needs to be updated but --locked was passed to prevent this
[INFO] [stderr] If you want to try to generate the lock file without accessing the network, use the --offline flag.
[INFO] the lockfile is outdated, regenerating it
[INFO] running `Command { std: "/workspace/cargo-home/bin/cargo" "+af3c6e733a40e671550e0f0f5aeecaa13772ba56" "generate-lockfile" "--manifest-path" "Cargo.toml" "-Zno-index-update", kill_on_drop: false }`
[INFO] [stderr]     Blocking waiting for file lock on package cache
[INFO] running `Command { std: "/workspace/cargo-home/bin/cargo" "+af3c6e733a40e671550e0f0f5aeecaa13772ba56" "fetch" "--locked" "--manifest-path" "Cargo.toml", kill_on_drop: false }`
[INFO] [stderr] warning: dependency (bridge) specified without providing a local path, Git repository, or version to use. This will be considered an error in future versions
[INFO] [stderr] warning: dependency (gl) specified without providing a local path, Git repository, or version to use. This will be considered an error in future versions
[INFO] [stderr] warning: dependency (stb) specified without providing a local path, Git repository, or version to use. This will be considered an error in future versions
[INFO] [stderr]     Blocking waiting for file lock on package cache
[INFO] running `Command { std: "docker" "create" "-v" "/var/lib/crater-agent-workspace/builds/worker-2/target:/opt/rustwide/target:rw,Z" "-v" "/var/lib/crater-agent-workspace/builds/worker-2/source:/opt/rustwide/workdir:ro,Z" "-v" "/var/lib/crater-agent-workspace/cargo-home:/opt/rustwide/cargo-home:ro,Z" "-v" "/var/lib/crater-agent-workspace/rustup-home:/opt/rustwide/rustup-home:ro,Z" "-e" "SOURCE_DIR=/opt/rustwide/workdir" "-e" "CARGO_TARGET_DIR=/opt/rustwide/target" "-e" "CARGO_HOME=/opt/rustwide/cargo-home" "-e" "RUSTUP_HOME=/opt/rustwide/rustup-home" "-w" "/opt/rustwide/workdir" "-m" "1610612736" "--user" "0:0" "--network" "none" "rustops/crates-build-env@sha256:d92eaeed33fa75130ca1ee6c8a01d1ffb62bac859dfdfb3450e3e5d1c0146529" "/opt/rustwide/cargo-home/bin/cargo" "+af3c6e733a40e671550e0f0f5aeecaa13772ba56" "metadata" "--no-deps" "--format-version=1", kill_on_drop: false }`
[INFO] [stderr] WARNING: Your kernel does not support swap limit capabilities or the cgroup is not mounted. Memory limited without swap.
[INFO] [stdout] 08c4f6dc6609699b63aa4932f78eed8192746c885668b3d4dfc7f0fc39c9b259
[INFO] running `Command { std: "docker" "start" "-a" "08c4f6dc6609699b63aa4932f78eed8192746c885668b3d4dfc7f0fc39c9b259", kill_on_drop: false }`
[INFO] running `Command { std: "docker" "inspect" "08c4f6dc6609699b63aa4932f78eed8192746c885668b3d4dfc7f0fc39c9b259", kill_on_drop: false }`
[INFO] running `Command { std: "docker" "rm" "-f" "08c4f6dc6609699b63aa4932f78eed8192746c885668b3d4dfc7f0fc39c9b259", kill_on_drop: false }`
[INFO] [stdout] 08c4f6dc6609699b63aa4932f78eed8192746c885668b3d4dfc7f0fc39c9b259
[INFO] running `Command { std: "docker" "create" "-v" "/var/lib/crater-agent-workspace/builds/worker-2/target:/opt/rustwide/target:rw,Z" "-v" "/var/lib/crater-agent-workspace/builds/worker-2/source:/opt/rustwide/workdir:ro,Z" "-v" "/var/lib/crater-agent-workspace/cargo-home:/opt/rustwide/cargo-home:ro,Z" "-v" "/var/lib/crater-agent-workspace/rustup-home:/opt/rustwide/rustup-home:ro,Z" "-e" "SOURCE_DIR=/opt/rustwide/workdir" "-e" "CARGO_TARGET_DIR=/opt/rustwide/target" "-e" "CARGO_INCREMENTAL=0" "-e" "RUST_BACKTRACE=full" "-e" "RUSTFLAGS=--cap-lints=forbid" "-e" "CARGO_HOME=/opt/rustwide/cargo-home" "-e" "RUSTUP_HOME=/opt/rustwide/rustup-home" "-w" "/opt/rustwide/workdir" "-m" "1610612736" "--user" "0:0" "--network" "none" "rustops/crates-build-env@sha256:d92eaeed33fa75130ca1ee6c8a01d1ffb62bac859dfdfb3450e3e5d1c0146529" "/opt/rustwide/cargo-home/bin/cargo" "+af3c6e733a40e671550e0f0f5aeecaa13772ba56" "check" "--frozen" "--all" "--all-targets" "--message-format=json", kill_on_drop: false }`
[INFO] [stdout] 4b717095fc801675d16464b335ab5894b3291cb868a538e3dcff30c15cf4be6b
[INFO] [stderr] WARNING: Your kernel does not support swap limit capabilities or the cgroup is not mounted. Memory limited without swap.
[INFO] running `Command { std: "docker" "start" "-a" "4b717095fc801675d16464b335ab5894b3291cb868a538e3dcff30c15cf4be6b", kill_on_drop: false }`
[INFO] [stderr] warning: dependency (bridge) specified without providing a local path, Git repository, or version to use. This will be considered an error in future versions
[INFO] [stderr] warning: dependency (gl) specified without providing a local path, Git repository, or version to use. This will be considered an error in future versions
[INFO] [stderr] warning: dependency (stb) specified without providing a local path, Git repository, or version to use. This will be considered an error in future versions
[INFO] [stderr]    Compiling memchr v2.3.3
[INFO] [stderr]    Compiling log v0.4.11
[INFO] [stderr]    Compiling proc-macro2 v1.0.21
[INFO] [stderr]    Compiling cfg-if v0.1.10
[INFO] [stderr]    Compiling unicode-xid v0.2.1
[INFO] [stderr]    Compiling cc v1.0.59
[INFO] [stderr]    Compiling version_check v0.9.2
[INFO] [stderr]    Compiling lazy_static v1.4.0
[INFO] [stderr]    Compiling regex-syntax v0.6.18
[INFO] [stderr]    Compiling quick-error v1.2.3
[INFO] [stderr]    Compiling bindgen v0.54.0
[INFO] [stderr]    Compiling vec_map v0.8.2
[INFO] [stderr]    Compiling termcolor v1.1.0
[INFO] [stderr]    Compiling strsim v0.8.0
[INFO] [stderr]    Compiling ansi_term v0.11.0
[INFO] [stderr]    Compiling syn v1.0.40
[INFO] [stderr]    Compiling peeking_take_while v0.1.2
[INFO] [stderr]    Compiling autocfg v1.0.1
[INFO] [stderr]    Compiling lazycell v1.3.0
[INFO] [stderr]    Compiling shlex v0.1.1
[INFO] [stderr]    Compiling rustc-hash v1.1.0
[INFO] [stderr]    Compiling failure_derive v0.1.8
[INFO] [stderr]     Checking gimli v0.22.0
[INFO] [stderr]     Checking adler v0.2.3
[INFO] [stderr]     Checking object v0.20.0
[INFO] [stderr]     Checking bridge v0.1.0
[INFO] [stderr]    Compiling clang-sys v0.29.3
[INFO] [stderr]    Compiling humantime v1.3.0
[INFO] [stderr]    Compiling thread_local v1.0.1
[INFO] [stderr]    Compiling libc v0.2.77
[INFO] [stderr]    Compiling bitflags v1.2.1
[INFO] [stderr]    Compiling nom v5.1.2
[INFO] [stderr]     Checking atty v0.2.14
[INFO] [stderr]    Compiling miniz_oxide v0.4.2
[INFO] [stderr]    Compiling aho-corasick v0.7.13
[INFO] [stderr]    Compiling gl_generator v0.14.0
[INFO] [stderr]    Compiling quote v1.0.7
[INFO] [stderr]    Compiling which v3.1.1
[INFO] [stderr]    Compiling libloading v0.5.2
[INFO] [stderr]    Compiling clap v2.33.3
[INFO] [stderr]    Compiling gl v0.14.0
[INFO] [stderr]     Checking regex v1.3.9
[INFO] [stderr]     Checking addr2line v0.13.0
[INFO] [stderr]    Compiling cexpr v0.4.0
[INFO] [stderr]     Checking backtrace v0.3.50
[INFO] [stderr]     Checking env_logger v0.7.1
[INFO] [stderr]    Compiling synstructure v0.12.4
[INFO] [stderr]     Checking failure v0.1.8
[INFO] [stderr]    Compiling stb-sys v0.6.0
[INFO] [stderr]     Checking stb v0.3.2
[INFO] [stderr]     Checking pacman v0.1.0 (/opt/rustwide/workdir)
[INFO] [stdout] error[E0432]: unresolved import `bridge::PlatformEvent`
[INFO] [stdout]   --> src/lib.rs:18:5
[INFO] [stdout]    |
[INFO] [stdout] 18 | use bridge::PlatformEvent;
[INFO] [stdout]    |     ^^^^^^^^^^^^^^^^^^^^^ no `PlatformEvent` in the root
[INFO] [stdout] 
[INFO] [stdout] 
[INFO] [stdout] error: cannot find macro `entry` in this scope
[INFO] [stdout]    --> src/lib.rs:457:1
[INFO] [stdout]     |
[INFO] [stdout] 457 | entry!(DesktopRunner<PacMan>);
[INFO] [stdout]     | ^^^^^
[INFO] [stdout] 
[INFO] [stdout] 
[INFO] [stdout] error[E0432]: unresolved import `bridge::PlatformEvent`
[INFO] [stdout]   --> src/lib.rs:18:5
[INFO] [stdout]    |
[INFO] [stdout] 18 | use bridge::PlatformEvent;
[INFO] [stdout]    |     ^^^^^^^^^^^^^^^^^^^^^ no `PlatformEvent` in the root
[INFO] [stdout] 
[INFO] [stdout] 
[INFO] [stdout] error: cannot find macro `entry` in this scope
[INFO] [stdout]    --> src/lib.rs:457:1
[INFO] [stdout]     |
[INFO] [stdout] 457 | entry!(DesktopRunner<PacMan>);
[INFO] [stdout]     | ^^^^^
[INFO] [stdout] 
[INFO] [stdout] 
[INFO] [stdout] error[E0425]: cannot find function `stbi_failure_reason` in this scope
[INFO] [stdout]    --> src/image.rs:136:36
[INFO] [stdout]     |
[INFO] [stdout] 136 |                     CStr::from_ptr(stbi_failure_reason())
[INFO] [stdout]     |                                    ^^^^^^^^^^^^^^^^^^^ not found in this scope
[INFO] [stdout] 
[INFO] [stdout] 
[INFO] [stdout] error[E0425]: cannot find function `stbi_image_free` in this scope
[INFO] [stdout]    --> src/image.rs:154:18
[INFO] [stdout]     |
[INFO] [stdout] 154 |         unsafe { stbi_image_free(self.data as *mut u8) };
[INFO] [stdout]     |                  ^^^^^^^^^^^^^^^ not found in this scope
[INFO] [stdout] 
[INFO] [stdout] 
[INFO] [stdout] error[E0425]: cannot find function `get_gl_proc_address` in crate `bridge`
[INFO] [stdout]   --> src/gl_context.rs:28:30
[INFO] [stdout]    |
[INFO] [stdout] 28 |             unsafe { bridge::get_gl_proc_address(cstring.as_ptr()) }
[INFO] [stdout]    |                              ^^^^^^^^^^^^^^^^^^^ not found in `bridge`
[INFO] [stdout] 
[INFO] [stdout] 
[INFO] [stdout] error[E0425]: cannot find function `swap_gl_buffers` in crate `bridge`
[INFO] [stdout]    --> src/lib.rs:268:21
[INFO] [stdout]     |
[INFO] [stdout] 268 |             bridge::swap_gl_buffers();
[INFO] [stdout]     |                     ^^^^^^^^^^^^^^^ not found in `bridge`
[INFO] [stdout] 
[INFO] [stdout] 
[INFO] [stdout] error[E0425]: cannot find function `get_performance_frequency` in crate `bridge`
[INFO] [stdout]    --> src/lib.rs:367:32
[INFO] [stdout]     |
[INFO] [stdout] 367 |             frequency: bridge::get_performance_frequency(),
[INFO] [stdout]     |                                ^^^^^^^^^^^^^^^^^^^^^^^^^ not found in `bridge`
[INFO] [stdout] 
[INFO] [stdout] 
[INFO] [stdout] error[E0425]: cannot find function `get_performance_counter` in crate `bridge`
[INFO] [stdout]    --> src/lib.rs:368:35
[INFO] [stdout]     |
[INFO] [stdout] 368 |             last_counter: bridge::get_performance_counter(),
[INFO] [stdout]     |                                   ^^^^^^^^^^^^^^^^^^^^^^^ not found in `bridge`
[INFO] [stdout] 
[INFO] [stdout] 
[INFO] [stdout] error[E0425]: cannot find function `get_performance_counter` in crate `bridge`
[INFO] [stdout]    --> src/lib.rs:374:39
[INFO] [stdout]     |
[INFO] [stdout] 374 |         let current_counter = bridge::get_performance_counter();
[INFO] [stdout]     |                                       ^^^^^^^^^^^^^^^^^^^^^^^ not found in `bridge`
[INFO] [stdout] 
[INFO] [stdout] 
[INFO] [stdout] error[E0405]: cannot find trait `Runner` in crate `bridge`
[INFO] [stdout]    --> src/lib.rs:434:23
[INFO] [stdout]     |
[INFO] [stdout] 434 | impl<G: Game> bridge::Runner for DesktopRunner<G> {
[INFO] [stdout]     |                       ^^^^^^ not found in `bridge`
[INFO] [stdout] 
[INFO] [stdout] 
[INFO] [stdout] error[E0425]: cannot find function `quit` in crate `bridge`
[INFO] [stdout]    --> src/lib.rs:448:45
[INFO] [stdout]     |
[INFO] [stdout] 448 |             PlatformEvent::Close => bridge::quit(),
[INFO] [stdout]     |                                             ^^^^ not found in `bridge`
[INFO] [stdout] 
[INFO] [stdout] 
[INFO] [stdout] warning: unused `#[macro_use]` import
[INFO] [stdout]  --> src/lib.rs:6:1
[INFO] [stdout]   |
[INFO] [stdout] 6 | #[macro_use]
[INFO] [stdout]   | ^^^^^^^^^^^^
[INFO] [stdout]   |
[INFO] [stdout]   = note: `#[warn(unused_imports)]` on by default
[INFO] [stdout] 
[INFO] [stdout] 
[INFO] [stdout] error[E0425]: cannot find function `stbi_failure_reason` in this scope
[INFO] [stdout]    --> src/image.rs:136:36
[INFO] [stdout]     |
[INFO] [stdout] 136 |                     CStr::from_ptr(stbi_failure_reason())
[INFO] [stdout]     |                                    ^^^^^^^^^^^^^^^^^^^ not found in this scope
[INFO] [stdout] 
[INFO] [stdout] 
[INFO] [stdout] error[E0425]: cannot find function `stbi_image_free` in this scope
[INFO] [stdout]    --> src/image.rs:154:18
[INFO] [stdout]     |
[INFO] [stdout] 154 |         unsafe { stbi_image_free(self.data as *mut u8) };
[INFO] [stdout]     |                  ^^^^^^^^^^^^^^^ not found in this scope
[INFO] [stdout] 
[INFO] [stdout] 
[INFO] [stdout] error[E0425]: cannot find function `get_gl_proc_address` in crate `bridge`
[INFO] [stdout]   --> src/gl_context.rs:28:30
[INFO] [stdout]    |
[INFO] [stdout] 28 |             unsafe { bridge::get_gl_proc_address(cstring.as_ptr()) }
[INFO] [stdout]    |                              ^^^^^^^^^^^^^^^^^^^ not found in `bridge`
[INFO] [stdout] 
[INFO] [stdout] 
[INFO] [stdout] error[E0425]: cannot find function `swap_gl_buffers` in crate `bridge`
[INFO] [stdout]    --> src/lib.rs:268:21
[INFO] [stdout]     |
[INFO] [stdout] 268 |             bridge::swap_gl_buffers();
[INFO] [stdout]     |                     ^^^^^^^^^^^^^^^ not found in `bridge`
[INFO] [stdout] 
[INFO] [stdout] 
[INFO] [stdout] error[E0425]: cannot find function `get_performance_frequency` in crate `bridge`
[INFO] [stdout]    --> src/lib.rs:367:32
[INFO] [stdout]     |
[INFO] [stdout] 367 |             frequency: bridge::get_performance_frequency(),
[INFO] [stdout]     |                                ^^^^^^^^^^^^^^^^^^^^^^^^^ not found in `bridge`
[INFO] [stdout] 
[INFO] [stdout] 
[INFO] [stdout] error[E0425]: cannot find function `get_performance_counter` in crate `bridge`
[INFO] [stdout]    --> src/lib.rs:368:35
[INFO] [stdout]     |
[INFO] [stdout] 368 |             last_counter: bridge::get_performance_counter(),
[INFO] [stdout]     |                                   ^^^^^^^^^^^^^^^^^^^^^^^ not found in `bridge`
[INFO] [stdout] 
[INFO] [stdout] 
[INFO] [stdout] error[E0425]: cannot find function `get_performance_counter` in crate `bridge`
[INFO] [stdout]    --> src/lib.rs:374:39
[INFO] [stdout]     |
[INFO] [stdout] 374 |         let current_counter = bridge::get_performance_counter();
[INFO] [stdout]     |                                       ^^^^^^^^^^^^^^^^^^^^^^^ not found in `bridge`
[INFO] [stdout] 
[INFO] [stdout] 
[INFO] [stdout] error[E0405]: cannot find trait `Runner` in crate `bridge`
[INFO] [stdout]    --> src/lib.rs:434:23
[INFO] [stdout]     |
[INFO] [stdout] 434 | impl<G: Game> bridge::Runner for DesktopRunner<G> {
[INFO] [stdout]     |                       ^^^^^^ not found in `bridge`
[INFO] [stdout] 
[INFO] [stdout] 
[INFO] [stdout] error[E0425]: cannot find function `quit` in crate `bridge`
[INFO] [stdout]    --> src/lib.rs:448:45
[INFO] [stdout]     |
[INFO] [stdout] 448 |             PlatformEvent::Close => bridge::quit(),
[INFO] [stdout]     |                                             ^^^^ not found in `bridge`
[INFO] [stdout] 
[INFO] [stdout] 
[INFO] [stdout] warning: unused `#[macro_use]` import
[INFO] [stdout]  --> src/lib.rs:6:1
[INFO] [stdout]   |
[INFO] [stdout] 6 | #[macro_use]
[INFO] [stdout]   | ^^^^^^^^^^^^
[INFO] [stdout]   |
[INFO] [stdout]   = note: `#[warn(unused_imports)]` on by default
[INFO] [stdout] 
[INFO] [stdout] 
[INFO] [stdout] error: aborting due to 11 previous errors; 1 warning emitted
[INFO] [stdout] 
[INFO] [stdout] 
[INFO] [stdout] Some errors have detailed explanations: E0405, E0425, E0432.
[INFO] [stdout] 
[INFO] [stdout] For more information about an error, try `rustc --explain E0405`.
[INFO] [stdout] 
[INFO] [stderr] error: could not compile `pacman`.
[INFO] [stderr] 
[INFO] [stderr] To learn more, run the command again with --verbose.
[INFO] [stderr] warning: build failed, waiting for other jobs to finish...
[INFO] [stdout] error: aborting due to 11 previous errors; 1 warning emitted
[INFO] [stdout] 
[INFO] [stdout] 
[INFO] [stdout] Some errors have detailed explanations: E0405, E0425, E0432.
[INFO] [stdout] 
[INFO] [stdout] For more information about an error, try `rustc --explain E0405`.
[INFO] [stdout] 
[INFO] [stderr] error: build failed
[INFO] running `Command { std: "docker" "inspect" "4b717095fc801675d16464b335ab5894b3291cb868a538e3dcff30c15cf4be6b", kill_on_drop: false }`
[INFO] running `Command { std: "docker" "rm" "-f" "4b717095fc801675d16464b335ab5894b3291cb868a538e3dcff30c15cf4be6b", kill_on_drop: false }`
[INFO] [stdout] 4b717095fc801675d16464b335ab5894b3291cb868a538e3dcff30c15cf4be6b
